28636 is divided by 20?
16
Calculate the remainder when 595 is divided by 9.
1
Calculate the remainder when 146 is divided by 94.
52
Calculate the remainder when 364 is divided by 173.
18
What is the remainder when 862 is divided by 16?
14
Calculate the remainder when 79 is divided by 17.
11
Calculate the remainder when 953 is divided by 53.
52
Calculate the remainder when 163 is divided by 28.
23
What is the remainder when 7607 is divided by 18?
11
What is the remainder when 2475 is divided by 32?
11
Calculate the remainder when 5374 is divided by 48.
46
What is the remainder when 230 is divided by 22?
10
Calculate the remainder when 389 is divided by 115.
44
Calculate the remainder when 359 is divided by 26.
21
What is the remainder when 3310 is divided by 369?
358
What is the remainder when 178 is divided by 60?
58
What is the remainder when 113 is divided by 54?
5
Calculate the remainder when 6074 is divided by 9.
8
Calculate the remainder when 348 is divided by 39.
36
What is the remainder when 257 is divided by 27?
14
Calculate the remainder when 26 is divided by 14.
12
Calculate the remainder when 655 is divided by 41.
40
Calculate the remainder when 160 is divided by 57.
46
Calculate the remainder when 1945 is divided by 390.
385
What is the remainder when 437 is divided by 45?
32
Calculate the remainder when 1332 is divided by 149.
140
Calculate the remainder when 485 is divided by 32.
5
Calculate the remainder when 4 is divided by 1.
0
Calculate the remainder when 139 is divided by 57.
25
What is the remainder when 655 is divided by 644?
11
Calculate the remainder when 101 is divided by 73.
28
What is the remainder when 787 is divided by 25?
12
What is the remainder when 2159 is divided by 53?
39
Calculate the remainder when 650 is divided by 239.
172
What is the remainder when 43 is divided by 20?
3
Calculate the remainder when 630 is divided by 201.
27
Calculate the remainder when 714 is divided by 46.
24
Calculate the remainder when 301 is divided by 76.
73
What is the remainder when 168 is divided by 28?
0
Calculate the remainder when 122 is divided by 37.
11
Calculate the remainder when 746 is divided by 7.
4
What is the remainder when 717 is divided by 72?
69
What is the remainder when 89 is divided by 6?
5
What is the remainder when 166 is divided by 36?
22
Calculate the remainder when 126 is divided by 109.
17
Calculate the remainder when 253 is divided by 124.
5
Calculate the remainder when 1823 is divided by 31.
25
What is the remainder when 206 is divided by 150?
56
What is the remainder when 2311 is divided by 81?
43
Calculate the remainder when 307 is divided by 13.
8
What is the remainder when 453 is divided by 35?
33
What is the remainder when 44 is divided by 39?
5
What is the remainder when 17643 is divided by 44?
43
Calculate the remainder when 621 is divided by 24.
21
What is the remainder when 171 is divided by 45?
36
What is the remainder when 277 is divided by 31?
29
Calculate the remainder when 344 is divided by 60.
44
What is the remainder when 303 is divided by 28?
23
Calculate the remainder when 6337 is divided by 2109.
10
Calculate the remainder when 11 is divided by 8.
3
What is the remainder when 566 is divided by 52?
46
What is the remainder when 632 is divided by 106?
102
Calculate the remainder when 1348 is divided by 27.
25
Calculate the remainder when 493 is divided by 178.
137
What is the remainder when 1155 is divided by 74?
45
What is the remainder when 293 is divided by 127?
39
Calculate the remainder when 40 is divided by 14.
12
What is the remainder when 168 is divided by 9?
6
What is the remainder when 283 is divided by 16?
11
What is the remainder when 568 is divided by 41?
35
Calculate the remainder when 4199 is divided by 84.
83
What is the remainder when 323 is divided by 25?
23
Calculate the remainder when 214 is divided by 8.
6
Calculate the remainder when 15067 is divided by 110.
107
What is the remainder when 197 is divided by 31?
11
What is the remainder when 464 is divided by 59?
51
What is the remainder when 44 is divided by 3?
2
Calculate the remainder when 310 is divided by 202.
108
Calculate the remainder when 5510 is divided by 12.
2
What is the remainder when 433 is divided by 60?
13
Calculate the remainder when 240 is divided by 11.
9
Calculate the remainder when 106 is divided by 8.
2
Calculate the remainder when 249 is divided by 84.
81
What is the remainder when 415 is divided by 14?
9
Calculate the remainder when 8300 is divided by 14.
12
What is the remainder when 976 is divided by 184?
56
Calculate the remainder when 43498 is divided by 150.
148
Calculate the remainder when 26351 is divided by 105.
101
What is the remainder when 374 is divided by 13?
10
Calculate the remainder when 4197 is divided by 6.
3
What is the remainder when 120 is divided by 18?
12
What is the remainder when 2032 is divided by 15?
7
Calculate the remainder when 4775 is divided by 42.
29
What is the remainder when 48 is divided by 5?
3
Calculate the remainder when 628 is divided by 580.
48
What is the remainder when 1009 is divided by 15?
4
What is the remainder when 78 is divided by 67?
11
What is the remainder when 44 is divided by 9?
8
Calculate the remainder when 3521 is divided by 66.
23
What is the remainder when 2343 is divided by 67?
65
Calculate the remainder when 27381 is divided by 84.
81
What is the remainder when 172 is divided by 44?
40
What is the remainder when 1677 is divided by 342?
309
Calculate the remainder when 2214 is divided by 202.
194
Calculate the remainder when 137 is divided by 37.
26
What is the remainder when 254 is divided by 177?
77
What is the remainder when 2647 is divided by 102?
97
What is the remainder when 274 is divided by 46?
44
What is the remainder when 47 is divided by 34?
13
Calculate the remainder when 47 is divided by 39.
8
Calculate the remainder when 1953 is divided by 23.
21
Calculate the remainder when 1085 is divided by 64.
61
What is the remainder when 1353 is divided by 4?
1
Calculate the remainder when 593 is divided by 66.
65
What is the remainder when 166 is divided by 50?
16
What is the remainder when 4328 is divided by 62?
50
What is the remainder when 530 is divided by 29?
8
What is the remainder when 30 is divided by 15?
0
Calculate the remainder when 214 is divided by 27.
25
What is the remainder when 170 is divided by 119?
51
Calculate the remainder when 150 is divided by 78.
72
What is the remainder when 972 is divided by 163?
157
What is the remainder when 143 is divided by 30?
23
What is the remainder when 742 is divided by 9?
4
What is the remainder when 217 is divided by 12?
1
Calculate the remainder when 276 is divided by 71.
63
Calculate the remainder when 185 is divided by 62.
61
Calculate the remainder when 14036 is divided by 10.
6
Calculate the remainder when 138 is divided by 24.
18
Calculate the remainder when 904 is divided by 300.
4
What is the remainder when 114 is divided by 67?
47
Calculate the remainder when 235 is divided by 49.
39
What is the remainder when 317 is divided by 260?
57
Calculate the remainder when 255 is divided by 8.
7
Calculate the remainder when 132 is divided by 32.
4
What is the remainder when 1537 is divided by 20?
17
Calculate the remainder when 737 is divided by 63.
44
What is the remainder when 46 is divided by 42?
4
What is the remainder when 2041 is divided by 9?
7
Calculate the remainder when 217 is divided by 11.
8
Calculate the remainder when 131 is divided by 49.
33
What is the remainder when 102 is divided by 95?
7
Calculate the remainder when 713 is divided by 38.
29
Calculate the remainder when 191 is divided by 34.
21
Calculate the remainder when 330 is divided by 59.
35
Calculate the remainder when 461 is divided by 61.
34
What is the remainder when 1322 is divided by 1?
0
What is the remainder when 3749 is divided by 150?
149
What is the remainder when 157 is divided by 10?
7
What is the remainder when 254 is divided by 27?
11
What is the remainder when 814 is divided by 68?
66
What is the remainder when 1479 is divided by 74?
73
What is the remainder when 49 is divided by 49?
0
What is the remainder when 79 is divided by 37?
5
What is the remainder when 908 is divided by 13?